 4.
0
Evaluate -6 + 3 + 5 + -6.
-4
1 + (-3 - (1 - 1) - -2)
0
What is (3 - (-3 + 0)) + -3?
3
Evaluate 2 + 4 + -5 + (-11 - -7).
-3
What is the value of 6 - (3 + 5 + -5)?
3
Evaluate (-2 - (4 - 3)) + 32 + -28.
1
Evaluate (3 - (0 + 7)) + -3 + 8.
1
Calculate 8 + (-3 - (5 - 3)) + 6.
9
Evaluate 5 - (6 + (-5 - 4)).
8
What is (-4 - -2) + 25 - 13?
10
Evaluate 2 + (-3 - -3) + 2 + -6.
-2
Calculate 2 - (-1 - (-12 + 6)).
-3
What is 11 - (5 - 1) - 8?
-1
Calculate 0 - 6 - (1 + -14).
7
Evaluate -1 + -1 - (-6 + 0 - -9).
-5
-2 + 7 - (2 + 0 - 2)
5
What is the value of 2 + 3 + -6 + 6?
5
What is the value of 0 + (-14 - -7) + 6?
-1
(-4 - (4 + -20)) + -7
5
Evaluate 0 + (-6 - (-1 + -2)).
-3
What is -2 - ((1 + 0 - 5) + 1)?
1
What is (14 - 2) + -17 + (3 - -1)?
-1
(-3 - (-5 + 5)) + 6
3
Calculate 2 + 0 - (25 - 12).
-11
What is the value of 1 + -12 + 5 + -4 + 5?
-5
Evaluate -26 + 1 + 23 - (0 + 1).
-3
Calculate (1 - 2) + (2 - -1) + -3.
-1
What is the value of -5 + -2 + 34 + -27?
0
What is 6 + (-3 - (6 - 11))?
8
What is the value of -4 + -1 + 3 + (6 - 7)?
-3
What is 22 + (-1 - (1 - -6)) - 7?
7
What is (1 - -19) + -10 + -10?
0
3 - 4 - (-6 - (-2 + -3))
0
Calculate (3 - 3) + 3 + (15 - 9).
9
Evaluate 2 - (5 + 0) - -13.
10
Evaluate -18 + 18 - (-3 + -1).
4
Evaluate -6 - (-6 - (-3 + 2)).
-1
What is the value of -3 + (-13 - -8 - (1 - 14))?
5
What is 2 - (4 + -12 + 0 + 3)?
7
(-2 - -2) + (-1 - 0)
-1
What is 9 - (6 + 3) - 0?
0
-16 + 3 + 2 + 7
-4
What is the value of 12 - 2 - (-7 + 9 + 2)?
6
Evaluate -17 - -4 - (-1 + 7 + -9).
-10
Calculate -7 + (3 - -1) - -3.
0
Calculate (0 - 1) + -2 + 12 + -5.
4
What is the value of -1 - (-1 - 1) - -3?
4
-4 + 4 + 2 - -2
4
What is the value of (0 - (2 + -5)) + (-23 - -21)?
1
Calculate 0 + 7 + 0 + (-112 - -109).
4
Calculate -10 + 8 - (-3 - 3).
4
What is 5 - (3 - 0) - 4?
-2
What is the value of -1 - (1 + -1 - (-9 - -5))?
-5
Evaluate -14 + 6 + 15 - 3.
4
-2 - (-7 + 10 - (0 - -1))
-4
What is the value of 5 + (-2 - -6) + -3 + 1?
7
Evaluate (-16 - (-20 - -9)) + (6 - 0).
1
Evaluate -8 + 9 - (10 - 3).
-6
-4 - (-9 + -1 + (20 - 15))
1
Calculate (2 - (3 + 4)) + 17 + -18.
-6
Evaluate (-2 - 1) + 0 - -4.
1
What is (11 - -6 - 8) + -3?
6
What is 7 - (-2 - (6 - 12))?
3
Calculate 3 - (0 + 3 - (3 + 2)).
5
(-1 - (-5 + 0 - -4)) + 2
2
-3 - 0 - (-20 + 18)
-1
Calculate -1 - (-2 + (4 - (-2 + 8))).
3
-5 - -10 - (3 - -5)
-3
What is the value of (4 - 1) + 3 + -1?
5
What is 3 - (-8 - 0 - (-54 + 44))?
1
Calculate -4 - (-19 - (-17 - -7)).
5
Calculate 6 - (0 + 7 + (-1 - 0)).
0
Calculate (-5 - -4) + (3 - 0).
2
Evaluate 3 + -7 + 2 - 1.
-3
What is 1 + 2 + 1 + -10?
-6
Evaluate 2 - (-4 + 2 - -5 - 2).
1
Calculate 4 - 1 - 6 - -5.
2
What is the value of (-16 - -19) + -18 - (-8 + 2)?
-9
Evaluate 3 + (8 - 4 - (6 + -1)).
2
(-24 + 27 - -3) + (0 - 7)
-1
What is the value of 7 - 10 - (4 - 3)?
-4
What is the value of 6 + (7 - 13) - 1?
-1
Evaluate -8 + -3 + (7 - 1).
-5
5 + -5 + 1 - -3
4
What is -16 + 3 - (7 - 16 - -3)?
-7
0 + -5 - (-4 - 4)
3
What is the value of 2 - 4 - 4 - (13 + -17)?
-2
Calculate 2 + 1 - 0 - 7 - -1.
-3
4 + (4 - 1 - 2)
5
What is the value of -3 + -1 + -1 + 0?
-5
What is the value of -2 + 8 + -6 + -2?
-2
Evaluate 1 - ((12 - 3) + -7).
-1
1 + (2 - (3 - (-2 - 1)))
-3
What is 2 + -1 + 3 + -5?
-1
What is the value of -5 + -5 + 10 + -2?
-2
Evaluate 1 + -6 - (7 - -2 - 14).
0
What is the value of -4 - (-4 + -3 + 4)?
-1
Calculate (1 + -2 - (-8 - -11)) + 2.
-2
(3 - 13 - -7) + 3 + 0
0
What is 5 - (0 - (5 - 11) - 5)?
4
Evaluate 9 + -2 + 1 + -4.
4
What is -3 - -3 - (4 - 3) - -3?
2
Calculate -4 + 6 - 9 - -11.
4
What is the value of 5 + -1 - (17 - 20) - 3?
4
What is (-3 - -6) + -6 + 0?
-3
What is the value of -5 + -7 + 17 + (1 - 6)?
0
Evaluate 2 + 3 + 0 + -6.
-1
What is the value of 2 + (-1 - 2) + 0 - 3?
-4
What is 6 - ((-9 - -4) + (-2 - -4))?
9
Evaluate -7 + (1 - (5 + -7)).
-4
3 + -2 + 0 - (52 + -47)
-4
Calculate 4 + -1 + -6 - -4.
1
Evaluate 1 + 4 + 5 + -9 + 2.
3
Evaluate 2 - (5 - (4 - (5 + -6))).
2
What is -2 + 0 - (0 + 3)?
-5
Calculate 0 + -8 + 2 + 3 - 3.
-6
-3 + -1 - (-4 - (-3 + 6))
3
Evaluate -4 + -1 - (14 + -4 + -16).
1
(1 + -1 - -3) + 6 + -8
1
2 + -5 + 2 + 3
2
2 + 6 - (16 + -15)
7
What is the value of -5 - (8 - 5 - -3 - 6)?
-5
3 + (7 + -2 - 8) - -4
4
Calculate 3 - 8 - (-13 + 7).
1
Calculate 1 - 1 - (1 + 1 + 2).
-4
Calculate (-1 - 0) + (7 - 9) - -1.
-2
What is the value of -4 + (2 - 2 - (3 + -3))?
-4
Calculate -4 - (-9 + 7 + -3) - 6.
-5
(-29 - -33) + (2 - 7)
-1
What is 3 + (-2 - -4) - (10 + -8)?
3
Calculate (0 - 3) + 5 + (4 - 1).
5
What is -7 - (-8 + (-2 - -5)) - -13?
11
Evaluate 3 - 1 - 3 - 4.
-5
What is (22 + 0 - 12) + -1?
9
Evaluate 3 + 10 + -16 + -3.
-6
Evaluate 2 + (6 - (-5 - -10)).
3
What is (-9 - -4) + 1 - -1?
-3
Evaluate (-3 - -1 - (-15 + 5)) + 1.
9
Calculate -39 + 42 + -2 + 1 + -4.
-2
What is the value of -3 - (-9 + -4 + 2)?
8
Evaluate -5 - (-3 + -4 + 2).
0
What is 3 + (-1 - (2 - 1)) + 1?
2
Evaluate 1 + (0 + -2 - -4 - 4).
-1
Evaluate -2 - (0 + 0 + 4) - -2.
-4
Evaluate 2 - ((-11 - -17) + (-5 - -1)).
0
What is 3 + -8 + (4 - 3) - -6?
2
What is 6 + (-3 - -10) - 7?
6
What is the value of 4 - 3 - (-4 - -5)?
0
What is the value of (0 + 8 - (-90 - -108)) + 1?
-9
Calculate (-7 - 0) + -1 + 77 + -72.
-3
(1 - (1 + (-3 - -3))) + 3
3
What is the value of 0 - -1 - (-4 + 0 + 0)?
5
Calculate -6 + -3 + 4 + 2.
-3
Evaluate 5 - (7 + (3 - 2)).
-3
4 - (6 - (0 - (0 + -4)))
2
Calculate -9 - (-6 + 8) - (-1 - 4).
-6
Evaluate 3 - (6 - (10 + -6)) - -2.
3
Calculate -3 + (-4 - -6) + 2.
1
Evaluate -1 + (8 - 3) + 2 + -4.
2
-5 + -5 + 8 + -3
-5
-2 - 2 - (1 + -6)
1
6 + (8 + -2 - 9)
3
What is (-1 - 7) + 12 + -10 + 3?
-3
What is the value of (-8 - -2 - -4) + -2?
-4
What is the value of 6 + -6 + 1 + 0 - 3?
-2
Evaluate 5 + 2 + -9 - (4 - 1).
-5
What is the value of -1 + 0 + (5 + 6 - 11)?
-1
Calculate 5 + (-6 - -2) - 0.
1
Evaluate -6 - -5 - 2 - -3.
0
Evaluate -5 - (-8 - -4) - 5.
-6
What is the value of 7 - (2 - (-15 + 7))?
-3
(-2 + 2 - 0) + (6 - 11)
-5
What is -4 - (-3 - -5 - 3)?
-3
Evaluate (-17 - -5) + (45 - 27).
6
Evaluate -3 + 1 + 0 + 5 + 5.
8
Evaluate 3 + 11 - 7 - 7.
0
What is the value of 0 + -1 + (10 - (-1 + 7))?
3
What is the value of (-5 - -4) + 6 + 1 + -1?
5
What is 1 + (5 - 1) + 25 + -25?
5
What is the value of (-2 - -1 - -1) + (-1 - -1)?
0
Calculate 3 + -6 + 4 - (1 - 3).
3
Calculate -10 + 3 + 7 - 4.
-4
Evaluate 0 + -6 + 2 + 3 - 7.
-8
Calculate -1 - -16 - (48 - 39).
6
Calculate 10 + (-3 - -1) + -5.
3
(-6 + 4 - -2) + 0 + -1
-1
Evaluate 2 + 3 + -1 - -1.
5
0 + (-3 - -3 - (0 + -3))
3
What is the value of 1 + 5 - (22 + (-4 - 14))?
2
2 - (4 - 5) - 3
0
-2 - (5 - -1 - 5)
-3
(5 + -10 - -9) + -6
-2
What is 1 + -3 + 1 + 1?
0
What is -1 + 7 + -1 - (-2 - -2)?
5
What is the value of 3 + 4 + 0 + -2 + -5?
0
(3 - -5) + (9 - 18)
-1
Calculate -3 - (4 + -14) - 3.
4
What is the value of 11 + 3 + 2 + (-13 - -7)?
10
What is the value of 3 - 0 - (6 - (1 + 4))?
2
Calculate -3 + (2 - -2) + -4.
-3
Calculate -1 - (3 + -2) - (0 + -4).
2
What is the value of 4 - -7 - 18 - -8?
1
Evaluate 55 + -43 - (12 - 1).
1
Evaluate 1 + -1 + 5 - 8.
-3
Evaluate 0 - (-1 + 5 + -6) - 1.
1
Evaluate (-2 - (4 - 0)) + 5.
-1
What is 1 + 0 + 2 - (2 + 0)?
1
What is the value of 3 - (-5 + (2 - -7))?
-1
Evaluate -5 - -1 - (0 - (-2 + 7)).
1
Calculate (-2 - (-3 - 6)) + -8.
-1
(0 - 2) + -15 + 13
-4
Evaluate 1 - (3 + (-5 - -8)).
-5
3 + (15 - (35 + -11))
-6
-21 - -4 - (-10 + 0)
-7
What is the value of 5 + (-13 - -21 - 22)?
-9
Calculate -3 - (0 + 3 + -6) - 5.
-5
2 + 7 + 0 - 16
-7
1 - (3 - -4) - -3
-3
Evaluate -3 + (2 - 3) + -2 - -4.
-2
Evaluate 1 + (0 - -1) + -5 + -2.
-5
What is the value of -41 - -14 - -21 - (1 - 6)?
-1
Calculate 6 - 0 - (4 + 0).
2
What is the value of 0 + (1 - 2 - (3 - 2))?
-2
3 + 4 + (-3 - (1 - 1))
4
Evaluate 0 + ((-5 - -1) + -1 - -8).
3
-5 + 2 - (1 - 3)
-1
Calculate 2 - 6 - -6 - (5 + -3).
0
What is the value of (3 - (2 - (7 - 6))) + -5?
-3
What is the value of (-2 - -9) + (0 - -4) + -6?
5
What is 0 - (15 + -15 - (-2 + 1))?
-1
Evaluate -8 + (-1 - -5) + 5.
1
Evaluate -5 - ((-3 - -1) + -26 + 22).
1
Evaluate (7 - 3) + (1 - 3).
2
(-5 - (-9 - -2)) + -11
-9
What is -9 + -1 - (-4 - 1)?
-5
What is the value of (3 - 0) + (-6 - 0) + 3?
0
Calculate (5 - 6) + 0 - -1.
0
What is the value of -2 + (3 - 1) + -51 + 52?
1
What is 7 + 0 + -6 + 1 + 3?
5
Calculate (2 - 2) + 